multiple of 66?
False
Does 76 divide 11704?
True
Does 12 divide 5220?
True
Is 304 a multiple of 16?
True
Is 858 a multiple of 39?
True
Is 6 a factor of 990?
True
Is 7 a factor of 822?
False
Is 810 a multiple of 57?
False
Is 80 a factor of 211?
False
Is 156 a multiple of 12?
True
Is 54 a factor of 5720?
False
Does 76 divide 1900?
True
Is 771 a multiple of 25?
False
Does 4 divide 59896?
True
Is 5690 a multiple of 37?
False
Is 2030 a multiple of 29?
True
Does 31 divide 104935?
True
Is 474 a multiple of 14?
False
Does 63 divide 2583?
True
Is 50527 a multiple of 21?
False
Does 3 divide 837?
True
Is 8 a factor of 680?
True
Is 467 a multiple of 11?
False
Is 3145 a multiple of 85?
True
Does 12 divide 410?
False
Is 5915 even?
False
Is 89 a factor of 11323?
False
Is 1728 a multiple of 24?
True
Does 5 divide 260?
True
Is 27 a factor of 15039?
True
Is 4188 a multiple of 16?
False
Does 12 divide 38052?
True
Is 8 a factor of 368?
True
Is 7699 a multiple of 37?
False
Is 3 a factor of 7473?
True
Is 24 a factor of 292?
False
Does 39 divide 6784?
False
Is 67 a factor of 2613?
True
Is 1210 a multiple of 22?
True
Is 10 a factor of 87100?
True
Is 15 a factor of 3435?
True
Does 10 divide 40?
True
Does 19 divide 2670?
False
Is 50491 a multiple of 103?
False
Is 168 a factor of 27427?
False
Is 359 a multiple of 55?
False
Is 401 a multiple of 27?
False
Does 92 divide 30545?
False
Is 8 a factor of 59424?
True
Does 95 divide 5415?
True
Is 29 a factor of 52113?
True
Is 2448 a multiple of 18?
True
Is 2792 a multiple of 4?
True
Is 55 a factor of 822?
False
Is 1714 a multiple of 4?
False
Does 33 divide 1319?
False
Does 49 divide 1688?
False
Is 260 a multiple of 2?
True
Is 1381 a multiple of 11?
False
Is 990 a multiple of 90?
True
Is 724 a multiple of 74?
False
Is 1425 a multiple of 95?
True
Is 1236 a multiple of 103?
True
Does 23 divide 15433?
True
Does 11 divide 13149?
False
Is 15804 a multiple of 36?
True
Is 8 a factor of 1328?
True
Does 11 divide 7667?
True
Does 203 divide 19488?
True
Is 2408 a multiple of 91?
False
Is 11 a factor of 1156?
False
Does 114 divide 1318?
False
Does 52 divide 3061?
False
Is 3 a factor of 2636?
False
Is 69 a multiple of 3?
True
Does 13 divide 684?
False
Is 26304 a multiple of 82?
False
Does 32 divide 606?
False
Is 5941 a multiple of 28?
False
Is 252 a multiple of 9?
True
Is 7 a factor of 652?
False
Does 39 divide 4387?
False
Is 840 a multiple of 6?
True
Is 13620 a multiple of 5?
True
Is 28 a factor of 6610?
False
Is 16 a factor of 19280?
True
Is 17238 a multiple of 13?
True
Is 247 a factor of 73474?
False
Is 10535 a multiple of 7?
True
Is 4 a factor of 6413?
False
Is 23 a factor of 10902?
True
Is 336 a multiple of 112?
True
Does 13 divide 364?
True
Is 2349 a multiple of 29?
True
Does 11 divide 5203?
True
Is 12 a factor of 1752?
True
Is 143 a multiple of 2?
False
Is 20435 a multiple of 61?
True
Does 32 divide 4736?
True
Does 35 divide 5346?
False
Is 4 a factor of 1343?
False
Does 21 divide 1449?
True
Does 95 divide 3420?
True
Is 26659 a multiple of 60?
False
Is 11 a factor of 352?
True
Is 27 a factor of 405?
True
Does 25 divide 39524?
False
Is 8 even?
True
Is 152 a multiple of 10?
False
Does 80 divide 400?
True
Does 34 divide 6210?
False
Does 2 divide 4?
True
Does 10 divide 420?
True
Is 1040 a multiple of 65?
True
Does 45 divide 540?
True
Does 12 divide 48?
True
Is 146 a factor of 2608?
False
Does 45 divide 3735?
True
Does 26 divide 15267?
False
Does 26 divide 3256?
False
Is 13 a multiple of 13?
True
Is 74 a factor of 128717?
False
Does 11 divide 14317?
False
Is 946 a multiple of 37?
False
Does 51 divide 463?
False
Is 24 a factor of 864?
True
Is 22 a factor of 110?
True
Does 21 divide 21?
True
Is 19381 a multiple of 26?
False
Does 41 divide 42599?
True
Is 2278 a multiple of 17?
True
Is 16 a factor of 1387?
False
Is 8398 a multiple of 34?
True
Is 8220 a multiple of 39?
False
Does 13 divide 1095?
False
Does 23 divide 2249?
False
Is 133 a factor of 7448?
True
Is 2 a factor of 121?
False
Does 23 divide 1500?
False
Does 98 divide 10388?
True
Is 100 a factor of 6600?
True
Is 7 a factor of 1617?
True
Is 517 a multiple of 47?
True
Is 6 a factor of 11348?
False
Is 879 a multiple of 32?
False
Is 26 a factor of 8364?
False
Is 114 a factor of 9234?
True
Does 11 divide 3835?
False
Is 2124 a multiple of 20?
False
Does 12 divide 14604?
True
Does 4 divide 409?
False
Is 9 a factor of 38637?
True
Is 53 a factor of 1493?
False
Does 21 divide 57418?
False
Is 2 a factor of 1863?
False
Is 24 a factor of 3840?
True
Is 5 a factor of 40?
True
Does 122 divide 38590?
False
Is 1768 a multiple of 104?
True
Is 31218 a multiple of 76?
False
Does 13 divide 153361?
True
Is 3288 a multiple of 14?
False
Is 114 a multiple of 6?
True
Is 6750 a multiple of 9?
True
Is 71290 a multiple of 173?
False
Is 25620 a multiple of 20?
True
Is 59080 a multiple of 13?
False
Is 3073 a multiple of 7?
True
Is 2565 a multiple of 27?
True
Is 9278 a multiple of 57?
False
Does 8 divide 21283?
False
Is 36 a factor of 4280?
False
Is 22 a factor of 18942?
True
Does 15 divide 19582?
False
Is 3286 a multiple of 53?
True
Is 25 a factor of 4200?
True
Is 131 a factor of 12281?
False
Does 33 divide 198?
True
Is 978 a multiple of 124?
False
Does 83 divide 811?
False
Is 8 a factor of 690?
False
Is 8 a factor of 513?
False
Is 1116 a multiple of 6?
True
Is 44 a factor of 440?
True
Is 15 a factor of 1053?
False
Is 4655 a multiple of 4?
False
Is 191 a factor of 21965?
True
Is 2068 a multiple of 44?
True
Is 154 a factor of 10626?
True
Is 62 a factor of 1528?
False
Does 37 divide 327?
False
Is 21262 a multiple of 65?
False
Is 33040 a multiple of 135?
False
Is 10 a factor of 13700?
True
Is 25259 a multiple of 16?
False
Does 107 divide 1712?
True
Is 13 a factor of 3933?
False
Does 10 divide 18102?
False
Does 16 divide 7376?
True
Is 19 a factor of 960?
False
Is 72 a factor of 69301?
False
Does 6 divide 3077?
False
Is 2 a factor of 595?
False
Does 51 divide 612?
True
Is 1008 a multiple of 21?
True
Is 3248 a multiple of 14?
True
Is 2906 a multiple of 6?
False
Is 105 a factor of 17115?
True
Is 29 a factor of 6235?
True
Is 9 a factor of 108?
True
Is 4920 a multiple of 24?
True
Is 13 a factor of 826?
False
Is 18 a factor of 6563?
False
Is 11620 a multiple of 83?
True
Does 38 divide 1900?
True
Does 25 divide 325?
True
Is 17296 a multiple of 81?
False
Is 168 a multiple of 7?
True
Is 1646 a multiple of 17?
False
Does 52 divide 26133?
False
Does 36 divide 352?
False
Is 923 a multiple of 10?
False
Is 108 a multiple of 36?
True
Is 3240 a multiple of 10?
True
Is 5 a factor of 103?
False
Is 2235 a multiple of 2?
False
Is 1246 a multiple of 7?
True
Is 10 a factor of 4804?
False
Is 115 a factor of 805?
True
Is 562 a multiple of 7?
False
Does 18 divide 630?
True
Is 29 a factor of 8149?
True
Is 11200 a multiple of 50?
True
Does 22 divide 13442?
True
Is 67 a factor of 201?
True
Is 35 a factor of 69059?
False
Does 5 divide 31295?
True
Is 11 a factor of 1206?
False
Is 256 a multiple of 16?
True
Is 18232 a multiple of 63?
False
Is 1448 a multiple of 81?
False
Does 15 divide 240?
True
Is 37 a factor of 1995?
False
Is 12 a factor of 17600?
False
Is 2 a factor of 10985?
False
Is 7714 a multiple of 58?
True
Does 20 divide 3634?
False
Does 14 divide 406?
True
Is 9639 a multiple of 59?
False
Does 4 divide 688?
True
Is 1564 even?
True
Is 25 a factor of 2175?
True
Is 11 a factor of 286?
True
Is 238 a factor of 10948?
True
Is 1399 a multiple of 30?
False
Does 9 divide 297?
True
Is 12411 a multiple of 38?
False
Is 4004 a multiple of 26?
True
Is 28 a factor of 14952?
True
Is 26 a factor of 2296?
False
Is 2406 a multiple of 42?
False
Is 5 a factor of 70?
True
Does 38 divide 988?
True
Does 7 divide 24?
False
Is 38 a factor of 114?
True
Is 19448 a multiple of 26?
True
Does 12 divide 199?
False
Is 24 a factor of 3600?
True
Does 39 divide 2067?
True
Does 3 divide 37?
False
Is 238 a multiple of 14?
True
Is 8567 a multiple of 140?
False
Is 11329 a multiple of 27?
False
Is 3 a factor of 321?
True
Is 96 a factor of 96?
True
Does 27 divide 37741?
False
Is 7524 a multiple of 33?
True
Is 1005 a multiple of 43?
False
Does 5 divide 1706?
False
Does 89 divide 4939?
False
Is 9 a factor of 1228?
False
Is 8400 a multiple of 10?
True
Is 3990 a multiple of 41?
False
I